+ 23*j**2 + 39*j - 56. Determine w(-21).
7
Let m(t) = 9*t**2 - 2*t. Calculate m(2).
32
Let d(w) = -w**3 - 4*w**2 - 2*w. What is d(-4)?
8
Let v(f) = -f**3 + 4*f**2 - 6*f + 5. Determine v(3).
-4
Let l(o) = -o**3 - 11*o**2 + 15*o + 16. Calculate l(-12).
-20
Let v(s) = s**3 + 8*s**2 + 3*s + 28. Calculate v(-8).
4
Let f(p) = -p**3 - 26*p**2 + 59*p + 73. Give f(-28).
-11
Let k(b) = -22*b - 11. Calculate k(4).
-99
Let n(h) = -h**2 + 17*h - 38. Determine n(13).
14
Let v(y) = 7*y - 266. Determine v(42).
28
Let h(o) = -o**3 + o**2 - 1. Determine h(1).
-1
Let k(l) = l**3 - 9*l**2 + 14*l + 19. Give k(6).
-5
Let h(m) = -3*m**3 - 5*m**2 + 3*m + 5. What is h(-3)?
32
Let v(j) = j**2 + 10*j - 2. What is v(-12)?
22
Let i(m) = -m**3 - 64*m**2 + 199*m - 139. Give i(-67).
-5
Let s(r) = -3*r**2 + 64*r - 17. Give s(21).
4
Let s(r) = r**2 - 3*r - 886. Determine s(-28).
-18
Let w(m) = 3*m**2 + 5*m + 1. Give w(-4).
29
Let d(t) = -t + 13. Determine d(5).
8
Let t(g) = -5*g**2 + 95*g - 3. What is t(19)?
-3
Let p(u) = u**2 - 7*u - 5. Calculate p(7).
-5
Let j(m) = m**2 + 25*m - 5. Give j(-25).
-5
Let m(l) = -l**2 - 6*l + 32. Calculate m(-10).
-8
Let u(a) = -a**2 + 10*a + 36. Determine u(18).
-108
Let n(h) = -h**3 + 8*h**2 - 2*h + 11. Calculate n(7).
46
Let k(u) = -3*u + 45. Give k(16).
-3
Let c(p) = p**2 - 9*p - 7. Give c(8).
-15
Let q(j) = 4*j + 4. Give q(5).
24
Let a(o) = o**2 - 7*o + 10. What is a(5)?
0
Let b(i) = 6*i + 29. Determine b(-5).
-1
Let u(y) = 4*y**3 - 2*y**2. Calculate u(-2).
-40
Let g(d) = 12*d - 121. Calculate g(12).
23
Let x(a) = 2*a - 2. Give x(9).
16
Let b(a) = -a - 10. Determine b(-13).
3
Let m(q) = 2*q**2 - 16*q + 10. Determine m(7).
-4
Let b(v) = 17*v + 19. Determine b(2).
53
Let x(f) = 2*f**2 - 4*f + 1. Calculate x(3).
7
Let z(p) = 7*p + 188. Calculate z(-31).
-29
Let d(c) = 2*c**2 - 22*c + 13. Calculate d(10).
-7
Let w(v) = v**2 - 7*v + 53. What is w(11)?
97
Let x(u) = 2*u**2 + 29*u + 18. Give x(-11).
-59
Let m(y) = -2*y**3 + 14*y - 2. Determine m(3).
-14
Let n(p) = -8*p**2 + 36*p + 37. Give n(-1).
-7
Let x(m) = -3*m**2 + 13*m - 4. What is x(3)?
8
Let m(g) = -g**2 + 2*g + 2. What is m(3)?
-1
Let c(y) = 2*y + 65. Calculate c(-31).
3
Let t(s) = -s**3 + 5*s**2 - 4*s - 8. Give t(4).
-8
Let i(a) = -50*a - 257. Calculate i(-5).
-7
Let o(x) = x**3 + 6*x**2 + 6*x + 69. Determine o(-7).
-22
Let a(x) = -2*x**3 - 4*x**2 - 5*x - 4. Calculate a(-2).
6
Let j(l) = -12*l - 14. Give j(-1).
-2
Let d(y) = 4*y**2 + y + 4. Calculate d(2).
22
Let p(g) = -g**2 + g. Calculate p(4).
-12
Let w(z) = 3*z**2 + 18*z + 12. Calculate w(-5).
-3
Let i(l) = -174*l - 871. Give i(-5).
-1
Let m(i) = -3*i - 82. Calculate m(-26).
-4
Let i(r) = 4*r - 8. Determine i(7).
20
Let n(p) = -p**2 + 8*p + 19. Give n(13).
-46
Let t(z) = z**3 + 13*z**2 - 13*z + 3. Determine t(-14).
-11
Let x(j) = -6*j**3 - j - 1. Give x(-1).
6
Let p(l) = -2*l - 3. Calculate p(10).
-23
Let u(i) = -3*i**2 - 22*i - 23. Determine u(-10).
-103
Let i(d) = d**3 - 10*d**2 - 11*d - 5. What is i(11)?
-5
Let y(n) = n - 13. Determine y(11).
-2
Let t(k) = k**3 - 27*k**2 + 49*k + 23. Determine t(25).
-2
Let h(c) = 3*c + 11. What is h(-7)?
-10
Let b(z) = 2*z**3 + 19*z**2 - 9*z + 18. Determine b(-10).
8
Let j(u) = 66*u - 388. Determine j(6).
8
Let a(b) = -b**2 - 6*b - 4. Calculate a(-9).
-31
Let p(i) = -2*i**2 + 4*i - 20. Give p(0).
-20
Let v(m) = -5*m + 59. Give v(10).
9
Let x(m) = m + 2. Determine x(-3).
-1
Let x(b) = -b**3 - 20*b**2 - 19*b - 22. Determine x(-19).
-22
Let g(b) = 4*b - 60. What is g(-27)?
-168
Let h(w) = -w**3 + 14*w**2 - 15*w - 8. Calculate h(13).
-34
Let b(d) = -2*d**2 + 2*d + 2. Determine b(3).
-10
Let q(k) = -k**3 - 12*k**2 + 14*k + 11. Give q(-13).
-2
Let d(u) = u**2 - 9*u + 5. Determine d(6).
-13
Let a(p) = -14*p - 76. Give a(-5).
-6
Let i(v) = 3*v + 10. What is i(-13)?
-29
Let d(c) = -29*c**2 + 2*c - 1. Determine d(1).
-28
Let i(c) = c**2 - 12*c + 10. Give i(9).
-17
Let m(j) = 8*j**3 + j**2 - 3*j + 2. Give m(1).
8
Let w(b) = -b**2 + 4. What is w(4)?
-12
Let f(i) = 3*i**2 - 27*i + 66. Determine f(6).
12
Let j(p) = 15*p + 93. Calculate j(-6).
3
Let n(d) = 2*d - 68. Calculate n(34).
0
Let k(u) = 2*u**2 - 9*u + 16. Determine k(3).
7
Let c(f) = -3*f**2 + f + 2. Calculate c(2).
-8
Let m(s) = 15*s + 5. Give m(0).
5
Let x(b) = 6*b - 201. What is x(30)?
-21
Let o(r) = -3*r**3 - r. What is o(2)?
-26
Let f(x) = x**3 - 25*x**2 + 27*x - 102. What is f(24)?
-30
Let o(s) = 2*s**2 - 17*s + 3. Calculate o(9).
12
Let y(v) = -v + 1. Calculate y(-3).
4
Let p(t) = 30*t**2 - t. Determine p(1).
29
Let c(y) = 2*y - 5. What is c(-1)?
-7
Let r(f) = f + 30. Calculate r(9).
39
Let c(v) = -v**3 + 2*v**2 + 3*v - 5. Calculate c(-2).
5
Let z(b) = -b**3 + 3*b**2 - 2*b - 11. Calculate z(5).
-71
Let s(u) = 10*u + 10. Calculate s(-1).
0
Let n(c) = -c**3 + 10*c**2 + 2*c - 7. Calculate n(10).
13
Let y(j) = 10*j**2 + 4*j - 8. What is y(3)?
94
Let m(z) = -z**3 - 9*z**2 - 11*z + 26. Give m(-7).
5
Let c(p) = p**2 - 9*p + 10. Determine c(6).
-8
Let y(l) = -5*l - 4. Give y(-3).
11
Let y(z) = z**3 + 5*z**2 - 6*z - 8. What is y(-6)?
-8
Let n(m) = m**3 - m**2 - 2*m - 4. What is n(-3)?
-34
Let h(m) = -2*m**2 + 31*m - 28. What is h(15)?
-13
Let i(z) = z**3 - 8*z**2 + 6*z - 41. Give i(8).
7
Let q(y) = -y + 6. What is q(5)?
1
Let t(f) = f**2 - 6*f + 137. Give t(0).
137
Let t(m) = 9*m + 62. What is t(-7)?
-1
Let m(v) = -6*v**3 + v**2 + 3*v + 3. What is m(-1)?
7
Let h(x) = x**3 + 13*x**2 + 13*x - 21. Calculate h(-12).
-33
Let n(p) = 2*p**2 - 10*p - 6. Give n(8).
42
Let g(p) = 8*p + 55. Give g(-7).
-1
Let x(b) = 2*b**3 + 7*b**2 - 10*b - 4. Calculate x(-4).
20
Let i(s) = -7*s**3 + 5*s**2 - 4. Give i(2).
-40
Let i(m) = -m**2 - 8*m - 3. Determine i(-7).
4
Let t(k) = -2*k**2 - 11*k + 4. Calculate t(-9).
-59
Let p(a) = a**2 + 10*a - 16. Calculate p(-12).
8
Let j(c) = c**2 + 10*c - 1. Determine j(-7).
-22
Let a(s) = 16*s - 16. Calculate a(-3).
-64
Let p(m) = m**2 + 8*m + 15. Give p(-6).
3
Let q(z) = 6*z + 23. Determine q(3).
41
Let p(a) = a**2 + 5*a. Determine p(-5).
0
Let o(p) = p**3 + 4*p**2 + 5*p + 5. Determine o(-2).
3
Let w(z) = 11*z + 206. Give w(-18).
8
Let d(i) = -i**3 - 8*i**2 + 4*i + 28. What is d(-9)?
73
Let h(x) = -20*x - 404. Determine h(-19).
-24
Let x(s) = 3*s**3 - 20*s**2 - 9*s + 6. Determine x(7).
-8
Let c(a) = -a**3 + 10*a**2 - 14*a - 17. Determine c(8).
-1
Let q(u) = 5*u**2 - 3*u + 2. Determine q(2).
16
Let w(c) = -c**2 + 8*c + 10. Give w(8).
10
Let t(w) = 6*w - 31. What is t(5)?
-1
Let u(j) = -j**2 - 3*j + 5. Calculate u(-6).
-13
Let p(k) = k**2 - 10*k + 6. Calculate p(4).
-18
Let x(m) = m**3 - 18*m**2 - 32*m + 240. Determine x(19).
-7
Let h(a) = -a**2 + 30*a - 86. Give h(27).
-5
Let s(h) = h**2 + 9*h + 22. Calculate s(-5).
2
Let d(w) = 3*w**2 + 39*w - 38. Calculate d(-14).
4
Let n(x) = -x**3 - 6*x**2 - 2*x - 5. What is n(-6)?
7
Let q(f) = 6*f - 47. What is q(-3)?
-65
Let r(p) = -22*p + 32. Give r(0).
32
Let s(n) = -2*n**3 + 23*n**2 + 13*n - 6. Calculate s(12).
6
Let j(k) = 27*k + 1. Calculate j(-1).
-26
Let z(m) = -26*m + 17. What is z(8)?
-191
Let k(y) = -y**2 - 10*y + 1. Give k(-11).
-10
Let t(q) = q**3 + 5*q**2 + 6*q + 2. What is t(-6)?
-70
Let q(w) = 2*w**3 - 7*w**2 - 4*w + 6. What is q(6)?
162
Let r(t) = -t**3 + 10*t**2 - 8*t - 1. What is r(9)?
8
Let i(n) = -n**3 - 12*n**2 + 8. Give i(-12).
8
Let w(y) = -2*y**3 + y**2 + 18*y - 12. Give w(5).
-147
Let x(u) = u**3 + 4*u**2 - 5*u - 8. What is x(-5)?
-8
Let c(m) = 17*m**2 - 2*m - 1. What is c(-1)?
18
Let i(k) = k**3 + 4*k**2 - 9*k + 24. Give i(3).
60
Let x(h) = 7*h + 14. Give x(-3).
-7
Let c(q) = -q**3 - 7*q**2 - 11*q - 2. Determine c(-5).
3
Let b(i) = -i**3 - 4*i**2 - 4*i + 5. Determine b(-4).
21
Let x(z) = 7*z - 10. Give x(2).
4
Let x(d) = -d**2 + 6*d - 8. Calculate x(2).
0
Let f(n) = n**2 - 2*n - 3. Determine f(3).
0
Let b(q) = -q**2 + q + 32. Calculate b(6).
2
Let z(j) = j**3 + j**2 - 11*j - 4. Calculate z(-3).
11
Let w(t) = t**3 + 16*t**2 - 15*t + 37. Give w(-17).
3
Let m(o) = -o + 1. Determine m(-9).
10
Let k(i) = -i**2 - i - 6. Give k(0).
-6
Let z(t) = 3*t**2 + 10*t + 17. Determine z(-5).
42
Let m(a) = 9*a - 46. What is m(7)?
17
Let n(l) = l**3 + 5*l**2 + l + 5. Give n(-5).
0
Let c(m) = 2*m - 14. Calculate c(-4).
-22
Let s(w) = -w**3 + 2*w**2 + 6*w - 3. Determine s(-4).
69
Let m(v) =